-16)/(-6) - (-2)/(-3). Suppose -54 = -4*p - 2*o + 4*o, 5*p - 72 = -z*o. What is the remainder when p is divided by i?
2
Let l be ((-45)/4)/(5/(-20)). Let v be 2097/l - (-4)/10. Suppose -4*i + v = 3*t - 36, -63 = -3*i - 3*t. Calculate the remainder when 57 is divided by i.
17
What is the remainder when 323 is divided by ((-13)/((-65)/(-30)))/((-4)/18)?
26
Suppose 0 = 6*o - o. Let w = -8 + 13. Suppose o = w*r - 35 - 10. What is the remainder when 15 is divided by r?
6
Let y(o) = -o**3 + 7*o**2 + o - 6. Let k = -12 - -11. Calculate the remainder when 2 + 0 + 61 - k is divided by y(3).
31
Let l = 5 + 0. Suppose -5*t = -3*p + 4*p - 135, l*p = -t + 27. Suppose -3*w - w = -12, 5*k = -w + 53. Calculate the remainder when t is divided by k.
7
Suppose 0*n - 6 = -3*n. Suppose 5 = -5*m + 3*x - x, -n = 2*m - 4*x. Calculate the remainder when 110 is divided by m/(-3) + (-83)/(-3).
26
Suppose 3*a = j + 12, -6 = -3*j - 2*a + 13. Suppose 0*v - j*v + 39 = 0. What is the remainder when v is divided by 7?
6
Suppose -3*n - 2*n + 30 = 0. Let r(l) = 28*l - 1. What is the remainder when r(n) is divided by 28?
27
Let v(q) = -q**3 - 6*q**2 - 9*q - 1. Calculate the remainder when v(-6) is divided by ((-2)/(8/3))/(13/(-312)).
17
Suppose 45*x + 32*x = 7007. Calculate the remainder when 225 is divided by x.
43
Let y be (-1 + 1)/((-6)/3). Suppose y*h + 2*h - 14 = 0. Let b(i) = 3*i**2 - 11*i + 11. What is the remainder when b(h) is divided by 21?
18
Let k(a) = -3*a**2 + 44*a + 4. What is the remainder when k(11) is divided by 53?
19
Let j = -32 - -35. Suppose -j*s = -4*w - 47, -s + 4*w + 81 = 4*s. Calculate the remainder when 50 is divided by s.
16
Suppose 0 = -3*y - 3 + 27. Suppose 0 = 2*g - u - y, -1 + 9 = -2*u. Suppose 4*l - j = 93, -g*l - 5*j + j = -24. Calculate the remainder when l is divided by 8.
6
Suppose s = -4*s + 4*o + 122, 29 = 2*s + 5*o. Let j = 3246 - 3233. What is the remainder when s is divided by j?
9
Let g(n) = 3*n**2 - 30*n + 7. Let w(x) = -3*x**2 + 29*x - 8. Let p(d) = 2*g(d) + 3*w(d). Calculate the remainder when 69 is divided by p(8).
13
What is the remainder when (-30*48/16)/(4/(-14)) is divided by 20?
15
Suppose -v - 51 = -4*r, 0 = -3*v - 4 + 7. Suppose 92 + r = h - 3*w, -3*w = -12. Calculate the remainder when h is divided by 40.
37
Suppose -3*s + s = -6. Let k be (0/(-6 + s))/2. Suppose 3*g - 2*j - 59 = k, 0 = 4*g + j - 10 - 54. What is the remainder when 66 is divided by g?
15
Let q = 244 - 167. What is the remainder when q is divided by (273/(-14) + 6)/((-2)/4)?
23
Calculate the remainder when (-11)/(-4)*(-17 - 3063)/(-22) is divided by 79.
69
Suppose 32 = 6*n - 2*n. Let c = n - -16. Calculate the remainder when c is divided by (-1 + (-4)/6)*-3.
4
Let t = -4 - -9. Let q = -3309 - -3312. Calculate the remainder when t is divided by q.
2
Suppose 14*l - 148 = -2*d + 19*l, -4*l = 3*d - 245. Let u = -66 + d. What is the remainder when 20 is divided by u?
7
Calculate the remainder when 330 is divided by ((-148)/10)/((-18)/(-30) + -1).
34
Suppose 0 = j - 5 + 4, -j = v - 60. Suppose 0 = -12*i + 70 + 122. What is the remainder when v is divided by i?
11
Let y be (0/(-1 + 3))/2. Suppose y = 2*m - m - 4. Suppose -3 = -l - 4*n, 2*l - 3*n - 5 = 1. Calculate the remainder when m is divided by l.
1
Suppose 2*c + 8 - 2 = 0. Suppose 3 + 4 = -7*q. Calculate the remainder when 29 is divided by ((-100)/(-30))/(q/c).
9
Let o = -280 - -304. What is the remainder when 176 is divided by o?
8
Let i = -1007 + 1014. What is the remainder when 80 is divided by i?
3
Let t = 91 - 179. Let p = 100 + t. Calculate the remainder when p is divided by 5.
2
Let g be (-7 - 2)/(1*-1). Let f = g - 7. Suppose 117 = 5*u - f*y, 5*u = y + 3*y + 119. What is the remainder when u is divided by 6?
5
Suppose 0 = 4*t + 45 - 13. Let q = -1 - t. What is the remainder when q is divided by 4?
3
Suppose 0 = 3*c + 3 + 6. Let z = c + 9. Suppose -16 = -4*b, 4*u - 124 = 2*b - 5*b. Calculate the remainder when u is divided by z.
4
Suppose 6 = -43*q + 307. What is the remainder when 19 is divided by q?
5
Let c = -155 - -76. Let h = c - -92. What is the remainder when 24 is divided by h?
11
Let p(d) = -3*d**3 - 1. Let q be p(-1). Suppose -q = 2*c, c = -n + 3*c + 10. Let i = -82 - -104. What is the remainder when i is divided by n?
6
Let k(l) = l - 17. Let f be k(19). Calculate the remainder when 23 is divided by ((-44)/33)/(f/(-12)).
7
Let l = -45 + 73. Let x = 53 - l. Calculate the remainder when 98 is divided by x.
23
Suppose 48*q = 42*q + 258. Suppose 19*m = 16*m + 642. What is the remainder when m is divided by q?
42
Let a = -46 + 65. What is the remainder when ((-52)/7)/(2*(-2)/28) is divided by a?
14
Suppose -w = -h - 15, -4*w = 4*h - 5*h - 66. Calculate the remainder when 21 is divided by w.
4
Let z(o) = -o. Let d(v) = -v**2 - 2*v + 1. Let m(c) = d(c) + 6*z(c). Calculate the remainder when (-156 - -3)*(-3)/9 is divided by m(-6).
12
Let z be (-35)/11 + (-10)/(-55). Let a = 12 + z. Calculate the remainder when a is divided by (4/6)/((-4)/(-18)).
0
Suppose 0 = -3*g + 265 + 347. Calculate the remainder when g is divided by 69.
66
Let b(v) = 8*v + 23. Suppose -2*z = 5*w - 15, -z - 3*z + 3*w + 17 = 0. Calculate the remainder when b(z) is divided by 33.
30
Let n(q) = 54*q**2 + 3*q + 4. Calculate the remainder when n(-1) is divided by 17.
4
Let o be (-4)/22 + (-400)/(-22). Suppose 2*w - 3*b - 9 - 3 = 0, 3*b = 3*w - o. Calculate the remainder when 13 is divided by w*(-3 - (-22)/6).
1
Suppose -1164 = -4*a - 638*v + 643*v, -5*v = 2*a - 552. What is the remainder when a is divided by 7?
6
Let r(i) = -3*i + 104. Suppose 8*c = 7*c + 137. What is the remainder when c is divided by r(28)?
17
Suppose 3*o + 7*o = 350. Let t(q) = -6*q - 35. Calculate the remainder when o is divided by t(-8).
9
Let x(g) = 2*g**2 + 10*g. Let r be x(-5). Suppose 2*d - 170 = -r*h + 5*h, -5*d = -4*h - 391. Calculate the remainder when d is divided by 38.
37
Suppose -22*k = -125*k + 2266. Calculate the remainder when k is divided by ((-16)/(-12))/(2/6).
2
Let j be 20/3 - (-2)/6. Suppose -96 = j*u - 10*u. Suppose u = 4*m + 2*i, -4*i - 6 = -i. Calculate the remainder when m is divided by 2.
1
Suppose -8345 + 1325 = -39*c. Calculate the remainder when c is divided by 101.
79
Let v be (-3 + 2)/1 - -2. Let k be (v/(-3))/(1/(-9)). Suppose b - 21 = -2*z, -b + k + 18 = 4*z. What is the remainder when b is divided by 6?
3
Let d be 6*(4 + -2 + -1). Suppose -7*b + 20 = -d*b. Calculate the remainder when 98 is divided by b.
18
Suppose -58 - 82 = -7*o. Suppose 6*d - 52 - o = 0. What is the remainder when ((-1)/(-2))/(5/210) is divided by d?
9
Let r = -403 + 438. What is the remainder when 47 is divided by r?
12
Let y(p) = 10*p + 3*p**3 - 4 - 2*p**2 + p - 2*p - 5*p. What is the remainder when 56 is divided by y(2)?
16
Let b(m) = m**3 + 32*m**2 + 25*m - 137. Calculate the remainder when 95 is divided by b(-31).
46
Let i(r) = -r**3 + 23*r**2 + 24*r + 20. What is the remainder when 217 is divided by i(24)?
17
What is the remainder when 223 is divided by (-140)/8*96/(-30)?
55
Let h = 137 - 121. Suppose 0*l + 30 = l + 5*z, -5*z = 3*l - 40. Suppose 0 = -l*t + 2*d - 0*d + 143, d + 144 = 5*t. What is the remainder when t is divided by h?
13
Calculate the remainder when 458 + -3 + (-3 - -2) is divided by 57.
55
Let k = -23 + 26. Suppose -3*d = -2*d - k. What is the remainder when 6 is divided by d?
0
Suppose 18 = 2*g - 2*l, -2*g = l - 6*l - 33. Calculate the remainder when 13 is divided by g.
1
Suppose 4*j = v + 251, -5*v = -4*j + 8*j - 257. What is the remainder when 372 is divided by j?
57
Let c(k) = 17*k**3 - 3*k**2 + 5. What is the remainder when 1805 is divided by c(2)?
128
Suppose m + 25 = 6*m. Let l = 7 - -2. What is the remainder when m is divided by 1*(-3)/(-9)*l?
2
Suppose 6*o - 17 = 5*o. What is the remainder when o is divided by ((-4)/(-6))/((-16)/(-216))?
8
Let t(z) = -1. Let y(v) = v**2 + v - 8. Let b(c) = -6*t(c) + y(c). What is the remainder when 8 is divided by b(-3)?
0
Suppose 0 = 2*l - 3*i - 340, -4*i + 14 = 5*l - 882. Calculate the remainder when l is divided by 48.
32
Suppose -364 = -4*y + 2*a + 2*a, -5*y - 4*a = -437. What is the remainder when 185 is divided by y?
7
What is the remainder when -3*-29*(-5)/(-5) is divided by 35?
17
Let w